 is -31 + 1122303?
1122212
In base 11, what is 28234 + 1?
28235
In base 14, what is -5 - -6c97c?
6c977
In base 4, what is -11 + 12002112?
12002101
In base 2, what is -100010 + -10001010110001?
-10001011010011
In base 4, what is 22112331 - 122?
22112203
In base 2, what is -1111 + -1011110110?
-1100000101
In base 4, what is -23120232 + 2?
-23120230
In base 13, what is 2aa349 + 5?
2aa351
In base 6, what is -114524 - -5?
-114515
In base 4, what is -1201112 + 103?
-1201003
In base 2, what is -1100 - -10001111010010?
10001111000110
In base 5, what is -10 + 14020?
14010
In base 12, what is -1 - 11b4?
-11b5
In base 13, what is -180c - -6?
-1806
In base 16, what is 3 + -17171?
-1716e
In base 5, what is 102 - 1340203?
-1340101
In base 6, what is -13 - 42033?
-42050
In base 5, what is -100 - -132302?
132202
In base 10, what is -5184 - 2?
-5186
In base 6, what is 2323254 - 11?
2323243
In base 14, what is 6 + 1824b?
18253
In base 14, what is 0 - 6a7d3?
-6a7d3
In base 10, what is -44793 - 9?
-44802
In base 7, what is 6504 - 152?
6322
In base 13, what is 1 + -1675?
-1674
In base 7, what is 235 + -6335?
-6100
In base 6, what is -5 + -14402354?
-14402403
In base 6, what is 50450 + 32?
50522
In base 5, what is 0 + 3032431?
3032431
In base 16, what is -12098 + -1?
-12099
In base 16, what is -4fb4 - 42?
-4ff6
In base 15, what is -4 + -42d61?
-42d65
In base 16, what is 44 + 6?
4a
In base 10, what is -17763 - -95?
-17668
In base 11, what is -47 - 92?
-129
In base 2, what is -10 - -1001000101101110011?
1001000101101110001
In base 3, what is -212021 + 2022100?
1110002
In base 12, what is 5b82 + 4?
5b86
In base 8, what is 1174630 + 1?
1174631
In base 5, what is -221 - 130104?
-130330
In base 11, what is -221 - 134?
-355
In base 5, what is 4422124 + 0?
4422124
In base 9, what is 4 - 42158?
-42154
In base 11, what is 1293 - 40?
1253
In base 14, what is -8 + 33b4?
33aa
In base 12, what is -4 + -4282?
-4286
In base 11, what is -27405a - -3?
-274057
In base 4, what is 1111 + 2003033?
2010210
In base 4, what is -3201 - -1032300?
1023033
In base 9, what is -2 + 18341?
18338
In base 11, what is 78 + 20a?
287
In base 11, what is -36a771 + -1?
-36a772
In base 3, what is 10 + 120210110?
120210120
In base 5, what is 132430223 + 0?
132430223
In base 8, what is -33157 + -12?
-33171
In base 4, what is 10 - 1022022?
-1022012
In base 13, what is -9b - 10cc?
-119a
In base 5, what is -1421400 + 0?
-1421400
In base 6, what is 24 + -2345?
-2321
In base 4, what is 130112023003 + 0?
130112023003
In base 10, what is -56 - -300?
244
In base 15, what is -5d - 25c?
-2ba
In base 13, what is -4c6247 + -1?
-4c6248
In base 11, what is 1 - 9934?
-9933
In base 11, what is -1 - 15754?
-15755
In base 10, what is -13729 - -23?
-13706
In base 4, what is 20313020 + 11?
20313031
In base 6, what is -40 - -1113334?
1113254
In base 3, what is 12 + -1011221000210?
-1011221000121
In base 16, what is -8b - 900?
-98b
In base 14, what is -171b - 56?
-1773
In base 2, what is 11110 - -1011011111100110?
1011100000000100
In base 6, what is -225 + 3541?
3312
In base 14, what is 84db - -21?
851c
In base 16, what is -2850 - -4?
-284c
In base 3, what is 2120022 - 12111?
2100211
In base 9, what is -105886 + 1?
-105885
In base 7, what is 1 + 20235?
20236
In base 12, what is -8123b - 1?
-81240
In base 3, what is 102120 - -10110?
120000
In base 13, what is -376 + 24c?
-127
In base 5, what is 330440220 + 10?
330440230
In base 5, what is -2143211 - -11?
-2143200
In base 12, what is 0 + 2753?
2753
In base 10, what is -5 - -139769?
139764
In base 7, what is -50 + -163654?
-164034
In base 7, what is 3435 - -1144?
4612
In base 2, what is -100 + 10111011111001?
10111011110101
In base 6, what is 3143 + 100?
3243
In base 6, what is -4 + -2434?
-2442
In base 13, what is 2a936 + 0?
2a936
In base 7, what is -151012 - 10?
-151022
In base 7, what is 12 - 415355?
-415343
In base 5, what is 10 - 14404324?
-14404314
In base 8, what is 1744 + -1037?
705
In base 15, what is -86007 + 5?
-86002
In base 2, what is -1011100001101001100 + 11?
-1011100001101001001
In base 14, what is 44 + 349?
38d
In base 7, what is 24 + 362153?
362210
In base 10, what is 150724 - -4?
150728
In base 6, what is 5 - 25441345?
-25441340
In base 15, what is -6293c0 + 5?
-6293ba
In base 8, what is 7 - -1273?
1302
In base 7, what is -15436 - -41?
-15365
In base 2, what is -10011111000111100011 - 10?
-10011111000111100101
In base 15, what is -13c6b - 5?
-13c71
In base 12, what is 67 - 495?
-42a
In base 4, what is -201012 - -21201?
-113211
In base 13, what is 27627 + -1?
27626
In base 9, what is 2 - 2038715?
-2038713
In base 12, what is -5 - 3127?
-3130
In base 5, what is -2 + 132431324?
132431322
In base 15, what is 0 + 2a95?
2a95
In base 14, what is 2c666 - -2?
2c668
In base 13, what is 6390c + -4?
63908
In base 2, what is -101 + -10100101001101?
-10100101010010
In base 2, what is -101 - -1000111100011?
1000111011110
In base 12, what is -7792 - -3?
-778b
In base 16, what is 344d9 - 4?
344d5
In base 16, what is 1 + -c281?
-c280
In base 5, what is -24440 + -102?
-30042
In base 7, what is 2 - -210502?
210504
In base 5, what is 1203 + -102033?
-100330
In base 16, what is 4 - -23fb?
23ff
In base 7, what is 1020 + -250?
440
In base 11, what is -5 - -3324?
331a
In base 3, what is -1 - -210202101?
210202100
In base 2, what is 101 - -1001100110101100111?
1001100110101101100
In base 14, what is -4 + -a9098?
-a909c
In base 12, what is -2aa + 5a?
-250
In base 15, what is -10 + -c317?
-c327
In base 11, what is 12 + -454?
-442
In base 2, what is 10010101011 - -110001000?
11000110011
In base 11, what is -4 - 1020?
-1024
In base 8, what is 3 - -5757775?
5760000
In base 12, what is -3 + -22b2?
-22b5
In base 5, what is 1 + -12020220?
-12020214
In base 4, what is -111132 + 1122?
-110010
In base 16, what is 0 + -75fc?
-75fc
In base 12, what is -22 + a9?
87
In base 2, what is -110011000 + 10?
-110010110
In base 7, what is -1 - 12001402?
-12001403
In base 10, what is -5 + 311554?
311549
In base 11, what is 3a - -5a0?
62a
In base 16, what is -1c53 - 5?
-1c58
In base 8, what is 125 - 1003?
-656
In base 13, what is -9 + -1cab4?
-1cac0
In base 15, what is 7acb - 111?
79ba
In base 4, what is 1 - 10111311?
-10111310
In base 5, what is -3242 - -311?
-2431
In base 5, what is 4331443 + 0?
4331443
In base 8, what is -4 + -22244?
-22250
In base 16, what is 1ef - -1b6?
3a5
In base 4, what is -20 - 21102203?
-21102223
In base 13, what is -638b + -16?
-63a4
In base 13, what is -11582 - 3?
-11585
In base 7, what is 64455 - 4?
64451
In base 14, what is 1 - -19d31?
19d32
In base 16, what is -1 + -489eb?
-489ec
In base 11, what is -12 - 3aa8?
-400a
In base 16, what is 1440 + -c4?
137c
In base 12, what is 5 - -665?
66a
In base 12, what is -237 + 796?
55b
In base 12, what is 94 - -1b649?
1b721
In base 9, what is 41106 - 1?
41105
In base 4, what is -31112132131 + 10?
-31112132121
In base 14, what is 9b + -427?
-36a
In base 16, what is -12 - 326f?
-3281
In base 13, what is 1 - 1a249?
-1a248
In base 16, what is 166 + -352?
-1ec
In base 14, what is -53 + 52c0?
526b
In base 2, what is 11010110 + 1000000?
100010110
In base 8, what is 4 - -1075133?
1075137
In base 2, what is 1011110100001 - -100110?
1011111000111
In base 12, what is -2a - 3b37?
-3b65
In base 5, what is -112130 - -304?
-111321
In base 10, what is -49174 - 4?
-49178
In base 4, what is -10223 - -333?
-3230
In base 15, what is 77 + 1dc?
264
In base 3, what is 11001210012 - 11?
11001210001
In base 6, what is -4125133 - 2?
-4125135
In base 7, what is -25360 - -61?
-25266
In base 9, what is -4 - 2337?
-2342
In base 4, what is -2 - 10122303?
-10122311
In base 14, what is 25 - -5b?
82
In base 5, what is -4041 - 430?
-10021
In base 10, what is -3 + 46750?
46747
In base 4, what is 331032 - 1030?
330002
In base 7, what is 643 + -12346?
-11403
In base 8, what is -7655111 - 1?
-7655112
In base 15, what is -4 + -31806?
-3180a
In base 4, what is 1031 + 2312?
10003
In base 6, what is 15503212 - -5?
15503221
In base 2, what is -110000101 - -11010010?
-10110011
In base 9, what is 451 + -77?
363
In base 7, what is 166 - -16205?
16404
In base 4, what is -233 + -100100113?
-100101012
In base 4, what is -22032 - -120112?
32020
In base 7, what is -134 + -251634?
-252101
In